- 0. Suppose 3*p + t + 9 = -2*t, i*t + 17 = p. Let a(j) = -5*j**2 + 7*j + j**2 + 4 - 2 - j**3 + p. Give a(-5).
-7
Let d(f) = 4*f + 2. Let g(w) = 9*w + 5. Let k(n) = 5*d(n) - 2*g(n). Suppose -3*y = -3*q + 21, 1 = 4*y - 2*q + 21. What is k(y)?
-6
Let n(r) = 2*r - 1. Let i(o) = -1. Let k(j) = 5*i(j) - n(j). Give k(-5).
6
Let c(u) = -3*u**3 - 3. Let v(f) = -10*f**3 - 8. Let x(s) = -11*c(s) + 4*v(s). Suppose 23 = 3*m - 4*k, -3*m - k - 2 = -0*m. What is x(m)?
-6
Suppose 0 = -y - 3*y + 44. Let b = 18 - y. Let x(l) = l**2 - 7*l - 3. What is x(b)?
-3
Let j(r) = -2 + 5 + 0 + 2 + r**2 - 3*r. Suppose -b + 16 = 3*b. Determine j(b).
9
Let m(t) = -t**2 + 7*t - 4. Let b(j) = -j**3 + 5*j**2 + 7*j. Let y be b(6). Give m(y).
2
Suppose -3*u + 5*s + 55 = 2*u, 51 = 5*u - 4*s. Let g(m) = -2*m + 9. What is g(u)?
-5
Let u(s) = -s**3 + s + 15. Suppose 4*g - l - 1 = 0, 2*g - g - 3*l - 3 = 0. Let p be u(g). Suppose k + 2*k = p. Let t(q) = q**2 - 5*q + 7. Calculate t(k).
7
Let w(r) = 22*r**2 - 54*r**2 + r - 1 - 3*r + 31*r**2. Give w(-1).
0
Let v = -5 + 7. Let h(b) = 4 - 3 - 7*b**2 + 5*b**2 + 3*b + b**v. Let n(u) = 2*u**3 - 2*u**2 - 2*u. Let c be n(2). What is h(c)?
-3
Suppose 3*z + 10 = -2. Let f(s) be the second derivative of -s**4/12 - s**3/3 + s**2 + 6*s. Give f(z).
-6
Let h(c) be the second derivative of c**5/20 - c**4/12 + c**3/6 - c. Let u(k) = -2*k**3 + 4*k**2 + k + 3. Let z(v) = -h(v) - u(v). Calculate z(3).
-9
Let z be ((-3)/9)/(-4*4/(-96)). Let q(f) = -2*f + f - f**2 + 2 + 2*f. Determine q(z).
-4
Let b(w) = w**3 + 9*w**2 - 2*w - 10. Suppose a + 6*a + 63 = 0. Give b(a).
8
Let x(r) = r**2 - 5*r - 6. Let s = 90 - 85. Determine x(s).
-6
Suppose 0 = -v - 2*v - 12. Let d(b) = -1 + 2 - 7 - b. Give d(v).
-2
Let i(g) = -18*g. Suppose -271 = -3*x - 274. Calculate i(x).
18
Let g(m) be the first derivative of m**4/4 + 5*m**3/3 + 5*m**2/2 - 3*m - 7. Give g(-4).
-7
Let r(j) = j. Let o(k) = k**2 - 7*k - 9. Let y be o(8). Calculate r(y).
-1
Let r(b) = b - 1. Let o(p) = 3*p + 4. Suppose 5*d = 3*w - 15, 15 = -6*d + d + 5*w. Let s be o(d). Determine r(s).
-6
Suppose 0 = 2*r + 3*r - 5. Let m(c) be the first derivative of 7*c**3/3 + 4. Calculate m(r).
7
Suppose 4*u = -n + 26, n + 3*n = u + 19. Suppose 0 = m - n*m + 10. Let p(q) = 4*q - 2 - 1 + 2. Determine p(m).
7
Let l(s) = s**2 + 3*s + 4. Let o be 4 + 2 + 1 + -2. Suppose -f = o*t + 4*f + 15, 0 = -4*t - 2*f - 12. Give l(t).
4
Let r(p) = 6*p**2 + 7*p - 8. Let t(x) = 3*x**2 + 4*x - 4. Let s(u) = 2*r(u) - 5*t(u). Let l(o) = 4*o**2 + 7*o - 5. Let v(j) = 2*l(j) + 3*s(j). What is v(-4)?
2
Suppose -8*l - 10 = -3*l. Let o(g) = -3*g + 6. Let x(c) = -6*c + 14. Let n(m) = 9*o(m) - 4*x(m). Give n(l).
4
Suppose -16 = 5*o - 6. Let y be (o - -1) + -2 + 3. Let z(w) = -w**2 + 6*w - 6. Let d(p) = -p**2 + 7*p - 7. Let v(s) = 5*d(s) - 6*z(s). Determine v(y).
1
Let y(h) = -h**3 + 4*h**2 + h - 1. Suppose 18*a - 17*a - 4 = 0. Give y(a).
3
Suppose 5*c - q + 6*q = 20, -5*q = 0. Let r = c - -1. Let o = -3 + r. Let m(t) = -3*t - 1. What is m(o)?
-7
Let t(h) = -6*h - h**2 + 6 - 3 - 7. Suppose 6*l - l + 50 = -5*a, 10 = -5*a + 5*l. Give t(a).
-4
Let n(q) = 4*q + 4. Suppose 2 = 5*l - 8. Let c be -3 + 0*l/6. Determine n(c).
-8
Let b(v) = -v**2 - 5*v + 8. Let c be b(-6). Let q(r) = -r**c - 50*r + 48*r + 2*r**2. Give q(2).
0
Let s be (5 + 66/(-18))/(4/(-6)). Let a(g) = -2*g - 2. Determine a(s).
2
Let d(q) be the third derivative of q**4/24 - 4*q**3/3 - 5*q**2. Give d(5).
-3
Let g(n) be the third derivative of n**4/12 + 2*n**2. Give g(-4).
-8
Let l(h) = h**2 + 5*h + 6. Let v be l(-5). Let q(j) = j**3 - 7*j**2 + 6*j - 7. Calculate q(v).
-7
Suppose -8 + 12 = i. Let w(a) = a**2 - 3*a - 2. Calculate w(i).
2
Suppose -2*j = 3*j - 25. Suppose 0 = -4*m + 3*m + 3*k - 1, -5*m = -j*k - 5. Let a(n) = n**3 - n**2 + 2. Give a(m).
6
Let j(n) = -3*n - 1. Let h(v) = v + 1. Let t(a) = 2*h(a) + j(a). Calculate t(-4).
5
Let f(o) = o**2. Let w = 26 - 24. Let i(k) = -6*k**2 + 2*k**2 + k**2 + k + 1. Let x(g) = w*f(g) + i(g). Give x(0).
1
Let s be 2/(-4)*0/2. Let m be (-2 + 1 - s)*1. Let w(x) be the third derivative of -x**5/10 - x**3/6 + 3*x**2. Determine w(m).
-7
Let q(b) be the first derivative of -b**4/4 - 5*b**3/3 - 5*b**2/2 - 4*b - 4. Give q(-4).
0
Let t(k) = -6*k**2 + k**3 + 8*k + 477 + 0*k**3 - 484. What is t(5)?
8
Suppose -15 = -3*r, n = 3*n + 3*r - 21. Let b(c) = -c**3 + 4*c**2 + n*c - 5*c + 3 + 0. What is b(2)?
7
Let l(c) = -16*c**2 + 35*c - 14. Let u(m) = 2 + 5 + 3*m**2 - 3 - 7*m - 1. Let h(f) = -2*l(f) - 11*u(f). Calculate h(4).
7
Let t(j) = -7*j**2 - 8*j + 5. Let d(y) = -3*y + 12. Let h be d(6). Let i(u) = -23*u - 7*u**2 + 14 - 13*u**2 + 0. Let w(v) = h*i(v) + 17*t(v). Give w(-2).
1
Let n(r) = 5*r + 3. Let p(t) = t + 4. Let u be p(-4). Let h(d) = d - 6. Let f(w) = -w + 5. Let b(a) = -4*f(a) - 3*h(a). Let x be b(u). Calculate n(x).
-7
Let s(z) = z**3 + 2*z**2 + 1. Suppose -3*g + 8*g = -5*l, 6 = 2*l. Give s(g).
-8
Suppose -4*d = -30 + 10. Let l(s) = -s + 7. Let x be l(d). Let c(g) = -2*g**2 + 3*g - 2. What is c(x)?
-4
Let m(z) be the first derivative of -z**5/60 + z**4/24 - 4*z**3/3 + 2*z**2 - 2. Let r(n) be the second derivative of m(n). What is r(0)?
-8
Suppose 4*d - 5*y - 23 = 0, 2*y = -5*d + 1 + 3. Let w(t) = 0*t**d + 4 - 4*t**2 + t**3 + 5*t - 2*t**2. Give w(5).
4
Let b = 32 - 38. Let f(i) = 4*i - 6. What is f(b)?
-30
Let f(q) = q**2 + 1. Let c = -28 - -27. What is f(c)?
2
Let s = 22 + -26. Let q(r) = -r**3 - 5*r**2 - 2*r - 3. Give q(s).
-11
Let k(f) = -8*f - 1. Let j = -3 + 6. Suppose -j*g + 7*g = -4. Give k(g).
7
Let d(u) = 3*u**3 - 12*u**2 - 13*u + 5. Let z(s) = 5*s**3 - 18*s**2 - 20*s + 7. Let n(p) = -8*d(p) + 5*z(p). Determine n(-5).
0
Let j(v) = -v**2 + 5*v - 4. Suppose -3*u + 5 = -2*u. Determine j(u).
-4
Let n(v) = -v + 8. Let w(j) = j - 17. Let h(o) = -7*n(o) - 3*w(o). Give h(4).
11
Let h(z) = 10 - 6*z + 3*z - 12. Give h(2).
-8
Let i be (-1 - 0) + 3 + (-2 - 6). Let n(q) = -q - 6. Give n(i).
0
Let b(p) = -2*p + p - 3*p - p. Let o(w) = -11*w - 1. Let g(u) = 13*b(u) - 6*o(u). Give g(0).
6
Let v(w) = 2*w**2 - 4*w + 2. Let g be v(2). Let b = g + -4. Let z be 1 + 1 + -3 + b. Let h(u) = -u - 3. Give h(z).
0
Suppose 4*i - 2*l = -34, i - 3*l = -0*l - 16. Let o(v) = v + 4. Calculate o(i).
-3
Let o(z) = -z**2 - 2*z. Let q be o(-1). Suppose 4*b - 9 = -q. Suppose -u - 2*u + b*y = -4, 32 = 5*u + 3*y. Let w(a) = a**2 - 5*a + 4. Calculate w(u).
0
Suppose -2 = -2*x + 5*a, -2*x + 4*x - 22 = -5*a. Let b be ((-4)/(-6))/((-2)/x). Let v be (b/(-1))/(3/(-6)). Let j(f) = f**3 + 4*f**2 + 5. What is j(v)?
5
Let z(w) = w + 1. Let g(s) = 3*s + 2. Let f(k) = g(k) - 4*z(k). Let r(d) = d**3 + 2*d**2 + d. Suppose 0*i = 4*i + 4. Let y be r(i). Calculate f(y).
-2
Suppose -o + 5 = -0. Let c(w) = -4 - 2*w + o - 3 + 1. What is c(-5)?
9
Let u(m) be the second derivative of m**3/6 + 7*m**2/2 + m. What is u(5)?
12
Suppose -3*b = -7*b - 16. Let p(u) = 2*u. Let d(i) = -i - 1. Let h(r) = d(r) - p(r). Calculate h(b).
11
Let p(m) = m**2 + 0 - 18*m**3 + 8*m - 1 + 0 - 7*m. Determine p(1).
-17
Let j = -80 - -74. Let z(r) = -r**3 - 8*r**2 - 9*r - 4. Calculate z(j).
-22
Let b = -11 - -13. Let j(h) = -h + 4 + 0*h - 6. Give j(b).
-4
Let y(t) = 2*t**3 - 6*t**2 + t + 7. Let l(w) = -3*w**3 + 12*w**2 - w - 14. Let n(j) = 3*l(j) + 5*y(j). What is n(-5)?
8
Let x(u) = -5*u**2 + u + 1. Let k(w) = w**2 + 4*w - 2. Let g be k(-5). Let q be 2/4*4 - g. Give x(q).
-5
Suppose 0 = -3*t - 3*z - z - 27, -t + 2*z = -1. Let y(w) = w**2 + 4*w + 6. What is y(t)?
11
Let v(y) = y**2 - 5*y - 3. Let n(b) = -b**2 + 4*b + 3. Let g(j) = 5*n(j) + 4*v(j). Suppose 0 = -4*i - 13 + 1. Give g(i).
-6
Let f(y) = -2*y - 2. Let z = -11 + 27. Let l be (-1)/4 + 36/z. Calculate f(l).
-6
Let r(u) be the second derivative of -u**7/840 + u**6/72 + u**5/20 - 5*u**4/24 - u**3/6 + 8*u. Let b(j) be the second derivative of r(j). Give b(6).
-5
Let l(c) be the third derivative of c**4/24 + c**3/3 + c**2. Let a = 8 - 3. Determine l(a).
7
Let f(u) = 5*u**2 - 3*u - 1. Let o(v) = v**3 + v**2 - v. Let j(z) = f(z) - 5*o(z). Suppose -3*b = -9*b + 186. Let t = 32 - b. Determine j(t).
-4
Let o(k) = 4*k**2 - 4*k + 9. Let x(f) = -f**2 + f. Let g(a) = o(a) + 3*x(a). What is g(0)?
9
Let m = 21 - 25. Let w(b) = -b**3 - 5*b**2 - 5*b + 3. Give w(m).
7
Let f(y) = y**2 - y + 1. L